e 7) to base 12.
2695
Convert 1133 (base 6) to base 15.
133
What is 295 (base 10) in base 4?
10213
5560 (base 8) to base 9
4013
What is -48765 (base 11) in base 2?
-10001000111110010
What is 1110 (base 3) in base 5?
124
-33242 (base 5) to base 8
-4422
6432 (base 7) to base 13
1062
-10110111010011 (base 2) to base 16
-2dd3
-2120210102 (base 3) to base 2
-1100011010111111
Convert -221332 (base 4) to base 11.
-2022
-1101100220 (base 3) to base 10
-27240
e8f0 (base 16) to base 5
3402012
-30a (base 12) to base 8
-672
44802 (base 10) to base 6
543230
2475 (base 10) to base 14
c8b
Convert 43542 (base 6) to base 15.
1bc8
Convert -5537 (base 8) to base 3.
-10222211
What is -40 (base 13) in base 6?
-124
-2107 (base 16) to base 11
-6397
17026 (base 8) to base 10
7702
-2134 (base 5) to base 15
-149
Convert 101020021 (base 3) to base 14.
2a0b
What is -203 (base 5) in base 10?
-53
What is 40400 (base 5) in base 12?
1608
5492 (base 13) to base 2
10111000000100
What is 4710 (base 9) in base 14?
13b6
1d (base 15) to base 13
22
What is -811 (base 9) in base 14?
-350
Convert -1220121 (base 3) to base 11.
-1057
What is -788 (base 11) in base 15?
-42d
Convert 18886 (base 9) to base 15.
3d49
What is -94c (base 13) in base 15?
-70a
-ac2 (base 15) to base 6
-15132
What is 103424 (base 5) in base 11?
2796
-10033 (base 4) to base 16
-10f
What is -576 (base 10) in base 6?
-2400
What is -2011102 (base 3) in base 6?
-11145
-2ed (base 16) to base 14
-3b7
What is 1200 (base 7) in base 9?
540
What is -416 (base 11) in base 7?
-1314
Convert -419b (base 15) to base 11.
-a470
1341a (base 13) to base 3
1211011211
Convert -222020 (base 3) to base 10.
-708
1354 (base 9) to base 11
849
What is 104671 (base 8) in base 16?
89b9
Convert 618 (base 12) to base 13.
530
What is 898 (base 10) in base 11?
747
Convert 33b (base 14) to base 4.
22001
2020131 (base 4) to base 16
221d
What is 10132 (base 7) in base 2?
100110101001
Convert 223202 (base 4) to base 2.
101011100010
-68274 (base 10) to base 3
-10110122200
-12101223 (base 4) to base 9
-38233
Convert 3123313 (base 4) to base 2.
11011011110111
71d (base 16) to base 8
3435
Convert -3732 (base 8) to base 16.
-7da
What is 8b3 (base 13) in base 3?
2001111
What is 1030233 (base 4) in base 9?
6656
What is 50 (base 10) in base 5?
200
What is -1bd2 (base 14) in base 12?
-2b38
Convert -211122 (base 3) to base 11.
-506
1201032 (base 4) to base 15
1c9c
-1100110010 (base 2) to base 16
-332
What is 11101001 (base 2) in base 14?
129
What is -220433 (base 5) in base 15?
-23cd
Convert 1200 (base 9) to base 10.
891
What is -37a (base 13) in base 14?
-316
Convert -ee (base 15) to base 10.
-224
-11 (base 8) to base 2
-1001
c83 (base 13) to base 7
6140
What is 110000001100 (base 2) in base 15?
da9
What is 10cc (base 14) in base 4?
231230
-1bb (base 15) to base 13
-24b
Convert 4842 (base 15) to base 14.
5854
What is 300003 (base 4) in base 11?
2346
517 (base 8) to base 2
101001111
Convert 860 (base 9) to base 2.
1010111110
Convert -101111111 (base 2) to base 6.
-1435
Convert -23 (base 13) to base 15.
-1e
Convert 22104 (base 5) to base 9.
2078
What is -141 (base 9) in base 2?
-1110110
Convert -6ea (base 16) to base 6.
-12110
-23654 (base 7) to base 2
-1100000010100
What is -7a20 (base 13) in base 16?
-42c7
Convert -300 (base 14) to base 2.
-1001001100
-5735 (base 9) to base 3
-12211012
10003 (base 4) to base 5
2014
-9e70 (base 16) to base 12
-1b580
-4a80 (base 11) to base 15
-1e67
Convert 3016 (base 7) to base 2.
10000010010
341 (base 9) to base 11
235
Convert 11032211 (base 4) to base 7.
116300
What is ee (base 15) in base 8?
340
What is 5466 (base 8) in base 10?
2870
Convert 61d (base 14) to base 6.
5323
What is -11ac (base 15) in base 10?
-3762
What is 1531 (base 7) in base 6?
2454
-8925 (base 13) to base 10
-19128
Convert 5915 (base 10) to base 8.
13433
-439 (base 10) to base 13
-27a
Convert -d9 (base 15) to base 16.
-cc
Convert 210211 (base 3) to base 15.
294
135311 (base 7) to base 5
1312010
What is -1121000 (base 3) in base 14?
-5cd
1001201 (base 4) to base 3
12202022
What is -34320 (base 9) in base 8?
-54514
What is -3151 (base 7) in base 6?
-5054
-1102221 (base 3) to base 7
-3031
What is 248 (base 9) in base 5?
1311
-225105 (base 6) to base 15
-5a95
127b9 (base 15) to base 4
32123310
-51 (base 16) to base 13
-63
Convert -1782 (base 14) to base 4.
-1002012
Convert 3231 (base 4) to base 10.
237
-31203 (base 4) to base 13
-519
Convert -31277 (base 8) to base 9.
-18734
-92 (base 13) to base 14
-87
Convert -2001101120 (base 3) to base 15.
-be70
Convert 3220 (base 6) to base 15.
33c
What is 1001120110 (base 3) in base 5?
1131304
Convert 14710 (base 8) to base 2.
1100111001000
Convert 1402 (base 8) to base 3.
1001112
-57 (base 12) to base 13
-52
-11220 (base 4) to base 5
-2420
1043004 (base 5) to base 3
221101100
Convert -25500 (base 7) to base 14.
-2670
Convert 4bb3 (base 14) to base 16.
33e9
Convert 2315 (base 13) to base 8.
11467
Convert 5424 (base 6) to base 14.
648
What is 20113 (base 4) in base 8?
1027
-4b (base 12) to base 3
-2012
-2131131 (base 4) to base 15
-2ebc
What is 307 (base 12) in base 9?
537
-1664 (base 7) to base 4
-22223
What is 23048 (base 9) in base 16?
3bf9
What is 1000100101 (base 2) in base 9?
670
What is -1e1 (base 16) in base 13?
-2b0
Convert -3682 (base 9) to base 5.
-41442
-20212110 (base 3) to base 16
-138f
-5650 (base 7) to base 5
-31134
253312 (base 6) to base 14
8444
553 (base 6) to base 7
423
Convert 20021 (base 4) to base 2.
1000001001
What is 133 (base 5) in base 8?
53
569 (base 13) to base 10
932
Convert 111000011 (base 3) to base 4.
2110021
1502 (base 16) to base 9
7335
What is -34255 (base 6) in base 11?
-3718
What is -366 (base 11) in base 5?
-3220
What is -761 (base 8) in base 14?
-277
100000101011 (base 2) to base 3
2212110
Convert -1202000210 (base 3) to base 11.
-23838
Convert -208 (base 15) to base 8.
-712
What is -1760 (base 11) in base 15?
-9e9
1059 (base 12) to base 5
24142
Convert 46 (base 10) to base 6.
114
-2511 (base 7) to base 8
-1653
What is -55617 (base 8) in base 10?
-23439
What is -9d16 (base 15) in base 4?
-20020221
What is -10894 (base 11) in base 6?
-200424
What is 3 (base 16) in base 7?
3
Convert -9732 (base 10) to base 9.
-14313
Convert 2315 (base 6) to base 14.
2b5
What is 100000101000 (base 2) in base 6?
13400
Convert -8ca3 (base 13) to base 10.
-19737
Convert -121000 (base 5) to base 4.
-1012110
-9558 (base 15) to base 10
-31583
What is -22000 (base 5) in base 16?
-5dc
Convert 5753 (base 14) to base 2.
11101100111101
Convert -1a93 (base 12) to base 2.
-110011001111
217 (base 13) to base 5
2413
Convert 464 (base 9) to base 5.
3012
What is 121200 (base 3) in base 5?
3300
-12002 (base 4) to base 7
-1061
-10111111110 (base 2) to base 13
-910
333324 (base 5) to base 2
10110111000010
What is 11344 (base 7) in base 14?
10cb
What is 52163 (base 7) in base 2?
11000111110001
Convert -11111010001 (base 2) to base 9.
-2663
Convert -23c (base 13) to base 3.
-112102
What is 20c7 (base 15) in base 4?
1230121
What is -12033 (base 4) in base 8?
-617
What is 1132 (base 6) in base 15?
132
What is 47b (base 16) in base 15?
517
What is -2953 (base 12) in base 9?
-6540
ab (base 14) to base 11
128
What is -486 (base 13) in base 4?
-30102
-142531 (base 6) to base 7
-54424
400042 (base 5) to base 9
18153
2000100212 (base 3) to base 6
503252
Convert -25302 (base 8) to base 12.
-6402
What is -5630 (base 9) in base 13?
-1b7b
-10014 (base 7) to base 9
-3270
Convert 200211 (base 3) to base 11.
422
-88a3 (base 13) to base 7
-106400
What is 11211201 (base 3) in base 7?
13201
-12e (base 16) to base 10
-302
Convert -30240 (base 6) to base 12.
-2380
What is 217 (base 10) in base 13?
139
-1043 (base 5) to base 6
-404
-10450 (base 6) to base 9
-2013
2321 (base 9) to base 13
a24
-110000000101 (base 2) to base 9
-4188
What is -10101111101011 (base 2) in base 7?
-44531
Convert -76723 (base 8) to base 2.
-111110111010011
Convert -64fb (base 16) to base 15.
-79d6
Convert -3112100 (base 4) to base 16.
-3590
751 (base 14) to base 3
1222110
What is 201120 (base 3) in base 7?
1353
Convert a08 (base 13) to base 7.
4644
273c (base 13) to base 9
7643
-598 (base 15) to base 9
-1658
Convert -3033212 (base 4) to base 10.
-13286
What is 164